pose -3*b + 2*b = 3. What are the prime factors of q/b + 61/3?
3, 7
Let f(k) = 11*k + 18. Let t(w) = 11*w + 19. Let j(d) = -7*f(d) + 6*t(d). What are the prime factors of j(-12)?
2, 3, 5
Suppose f + 4 = 3*f. Suppose f*d - 15 = 1. Suppose 2*q + 4*n - 49 = -3*q, d = -2*n. List the prime factors of q.
13
Suppose 0 = -7*h + 2947 + 924. List the prime factors of 8/(6 - 38) + h/4.
2, 3, 23
What are the prime factors of (-2)/(-10 + (-141393)/(-14140))?
2, 5, 101
What are the prime factors of (-26 - 271)/((-3)/10)?
2, 3, 5, 11
Suppose 0 = -3*o - 2*h + 374 + 4138, -5*h = 4*o - 6016. List the prime factors of o/80 + 2/10.
19
List the prime factors of 879*(-26)/6*(-2)/2.
13, 293
Suppose 9 = 9*v - 6*v. Suppose -3*k - 6 = 3*p, -v*k - 2*k = -2*p - 4. Suppose r = 4*x - 117, 2*x - 4*r = -k*r + 48. List the prime factors of x.
2, 3, 5
Let b be (12/14)/(2/7). Suppose b*i - t = 7*i - 1035, 0 = -i - 5*t + 273. What are the prime factors of i?
2, 3, 43
Let k(j) = 5*j**2 + 2*j + 189. What are the prime factors of k(12)?
3, 311
List the prime factors of (-2 - (-60)/21)*(560 - 7).
2, 3, 79
Let k(v) = 3*v**2 + 2*v - 1. Let o be k(1). Suppose -91*i + 90*i = -7. Suppose -o*x = -107 + i. What are the prime factors of x?
5
Let o = -16 + 24. Suppose -2*b - o = -4*b. List the prime factors of b.
2
Let p(s) = s**3 + 7*s**2 + 6*s + 10. Let q be p(-8). Let j be 1/3 - q/18. What are the prime factors of 138/j - (1 - 1)?
23
Suppose -4*u = 4*v - 496, 3*v - 269 = -2*u + 8*v. List the prime factors of u.
127
Suppose 3*z - 5*h + 28 = 0, 0*z + 4*h + 16 = -4*z. Let x be -51*-6*z/(-27). Suppose b - 20 = -4*u, -5*b + u = -32 - x. What are the prime factors of b?
2, 5
Let d(x) = 2*x + 20. Let t be d(-10). Suppose w + 3*k = 91, 4*w + t*w = -k + 342. What are the prime factors of w?
5, 17
Let v = 75 + -44. Suppose -3*z - 10 = -f, -v - 32 = -3*f - 2*z. What are the prime factors of f?
19
Let v(f) = 1529*f**2 + 19*f. List the prime factors of v(1).
2, 3, 43
Suppose -5*k = 5*i + 6 - 41, -13 = -k - 4*i. Suppose 5*f = k*n - 50, -3*n = -0*n - 5*f - 22. What are the prime factors of n?
2, 7
Suppose 6 + 0 = 3*o. Suppose 2 = 2*g - l, 0 = -g + o*l - 1 + 5. Suppose g = z - f + 4*f - 1, -4*f = z + 4. What are the prime factors of z?
2
Let s = -314 + 396. What are the prime factors of s?
2, 41
Suppose -3*l + 5376 = 18*l. What are the prime factors of l?
2
Suppose 5 = -c - 2. Let a(k) = -3*k - 3 + 6 - 3 + 6. What are the prime factors of a(c)?
3
What are the prime factors of (-13050)/(-22) - 5/((-440)/(-16))?
593
Let b = -161 + 309. Let v = b - -38. List the prime factors of v.
2, 3, 31
Suppose -4*s - s = -5*j + 60, 0 = -s - 4*j - 2. Let t = 90 + 38. List the prime factors of s/(-4)*t/20.
2
Let g(r) = -4*r**2 + 131*r + 37. What are the prime factors of g(30)?
367
Let t(j) = -72*j - 59. Let a = -86 + 81. List the prime factors of t(a).
7, 43
Let z = 71 - 3. What are the prime factors of z?
2, 17
Let u(z) = z**3 - 6*z**2 + 2*z - 8. Let p(k) = -k**3 - k**2 + k + 1. Let d(j) = 2*p(j) + u(j). Let c be d(-6). What are the prime factors of (-8)/12*c/4?
17
Let w(v) = 37*v + 64. What are the prime factors of w(30)?
2, 587
Let s(z) = -2*z - 26. Let l be s(-12). Let v = 43 + l. List the prime factors of v.
41
Let o be 4 - (3 + -8 + 4). Suppose -o*t = s - 42, s + t + 0*t = 26. What are the prime factors of s?
2, 11
Suppose 5*d - 5*y = 2760, 2*y - 2 = y. Suppose -d - 158 = -8*h. What are the prime factors of h?
89
Let w(k) = k**3 + 13*k**2 + 9*k + 5. Let n be w(-12). Suppose 21 + n = s. What are the prime factors of s?
2, 31
Let t = -77 - -50. Let k = t + 43. Suppose 2*s - 6 = 4*y - k, 0 = -3*y + 4*s + 10. List the prime factors of y.
2
Let q(z) = -z**2 + 14*z + 17. Suppose 33 = -6*u + 87. What are the prime factors of q(u)?
2, 31
Suppose 4*x + 1187 = -557. Let v = x - -619. What are the prime factors of v?
3, 61
Suppose 3*b - 5*b = -36. Suppose 0 = -14*a + b*a - 228. What are the prime factors of a?
3, 19
Suppose 1966 = 4*z - 2*q, -2*z - 5*q + 71 = -882. List the prime factors of z.
3, 163
Let f = -155 - -78. Let l = f - -206. List the prime factors of l.
3, 43
Let l(s) = s**3 - 9*s**2 + 4*s + 17. Let y be l(8). What are the prime factors of 26/(-195) + (-317)/y?
3, 7
Let r(q) = 2*q**2 + 2*q + 4. Let z = 91 - 64. Suppose 4*w - 5*h = z, -2*w - 3*h = -2*h - 3. What are the prime factors of r(w)?
2, 7
Suppose 3*g - 3*z = 0, -3*g + 0*z + 4 = -z. Let o(m) = 7 - 3 + 7*m**g - 8*m + m - 5*m**2. What are the prime factors of o(6)?
2, 17
Suppose 0 = 3*c - 5*c + 84. Suppose -6 = 2*u - c. List the prime factors of u.
2, 3
Suppose 2445 = 4*y - 5*k + 10*k, -4*y - k + 2457 = 0. List the prime factors of y.
3, 5, 41
Let n(h) = -h**2 - 4 - 7*h**2 - h**3 - 4*h + 1 - h**2. What are the prime factors of n(-10)?
137
Let v be (-2)/(2*3/207). List the prime factors of 14*v*(-4)/24.
7, 23
Suppose -4*b + x + 9 = 0, -6*b - 4*x + 21 = -3*b. Suppose -3*f - 37 = -5*w, b = 2*f + 2*w + 1. What are the prime factors of 3*f*(-1 - 0)?
2, 3
Let z(j) = -4*j + 8. Let d be z(-25). Suppose 7*p = d + 984. List the prime factors of p.
2, 3, 13
Suppose 3*b = -w - 2*w + 27, 2*b + 12 = 4*w. Suppose -11 = -b*q - 3. Suppose -q*k + 4*k = 22. What are the prime factors of k?
11
List the prime factors of (8/((-32)/9540))/((-1)/1).
3, 5, 53
Suppose -x + 4 = 2*u, -11 = -0*x + x - u. Let o be ((-2)/(-3))/(x/9). What are the prime factors of (-18 - (2 - -1))/o?
3, 7
Suppose -3*h = f - 2 + 17, -f = -4*h - 20. Suppose l = g + 54, 167 = -f*g - 3*g + 4*l. Let m = g + 82. What are the prime factors of m?
3, 11
What are the prime factors of 1/(33/(-44))*(-6795)/6?
2, 5, 151
Suppose 91 + 65 = -4*h. What are the prime factors of 6/39 - 2724/h?
2, 5, 7
Let i(m) = -m. Let p(n) = 9*n - 1. Let g(l) = 5*i(l) + p(l). Let h be 0/1 - (-4)/2. What are the prime factors of g(h)?
7
Let j(l) = -l**3 - l + 10. Let w(n) = -n**3 + 3*n**2 - 3*n + 2. Let q be w(2). Suppose -12 = s + 4*d, 4*s + 3*d + 9 = -q*d. What are the prime factors of j(s)?
2, 5
Suppose -57 = 4*d - d. Let o = 9 + d. Let w = 20 + o. List the prime factors of w.
2, 5
Let r(c) = 6*c**2 - 38*c - 125. What are the prime factors of r(33)?
5, 1031
Suppose 0 = 5*t + r - 1080, r + 546 = 2*t + 114. List the prime factors of t.
2, 3
Suppose 2*g + 24 = 5*k - 5, -1 = g + 2*k. Suppose -3*v - 12 = -i, 2*i - 4*i - v + 17 = 0. Let q = i + g. List the prime factors of q.
2
Let c(o) = -1878*o + 54. What are the prime factors of c(-1)?
2, 3, 7, 23
List the prime factors of -3 + -199*((-18)/6 + -5).
7, 227
Let w = 65 + 59. Let y = 89 - w. Let f = y + 50. List the prime factors of f.
3, 5
Let v be (1/(-1))/(18/4 - 4). List the prime factors of 82/4*(v + 8).
3, 41
Let o(y) = -40*y**3 + y - 9. What are the prime factors of o(-2)?
3, 103
Suppose -3*g + 3*p + 7167 = 696, 3*p - 2149 = -g. What are the prime factors of g?
5, 431
Let n(t) = 2*t**2 + 24*t + 54. Let y(k) = k**2 + 12*k + 27. Let z(q) = 4*n(q) - 7*y(q). List the prime factors of z(-11).
2
Let o(l) = 19*l**3 - l**2 + 2*l + 1. Let c be o(3). Let y = -307 + c. List the prime factors of y.
2, 3, 17
Let d = -94 - -58. Let p = -2 - d. List the prime factors of p.
2, 17
Let x be -15*((-24)/9 - -3). Let b(k) = -5*k**2 + 3*k - 6. Let p(n) = 4*n**2 - 3*n + 6. Let s(f) = -5*b(f) - 6*p(f). What are the prime factors of s(x)?
2
Let a = 1 + -1. Suppose -24*s + 537 - 225 = 0. Suppose 2*d - s - 55 = a. List the prime factors of d.
2, 17
Let y(u) = 20*u**2 + 11*u - 56. What are the prime factors of y(10)?
2, 13, 79
Suppose -17*o + 409 = -6697. List the prime factors of o.
2, 11, 19
Let g(x) = 65 - 4*x**2 - 4*x - 7*x**2 + x**3 + 10*x**2. List the prime factors of g(0).
5, 13
Let i = -266 + 696. What are the prime factors of i?
2, 5, 43
Suppose q = -a + 9, -4*q + 3 - 2 = -3*a. List the prime factors of (-2)/q + 165/6.
3
Let v(k) be the third derivative of -7*k**4/12 - 11*k**3/6 - 16*k**2. What are the prime factors of v(-11)?
11, 13
Let h(c) = c**2 - 15*c - 4. Let p be h(17). List the prime factors of -6*3/(-135) + 2546/p.
5, 17
Let s = 212 - 133. Suppose -5*h - 2*c + 208 + 170 = 0, -h + 3*c = -s. What are the prime factors of h?
2, 19
Suppose 0 = 5*f + l - 0*l - 49, 0 = -l + 4. Let h = f + -6. Suppose -5*t - h*j = -0*t - 71, -3*t + 49 = 5*j. List the prime factors of t.
13
Let n(p) = -10*p + 1. Let 